er?
False
Is 7733128357 a prime number?
True
Is 204639517 prime?
False
Is 2040495663 prime?
False
Is 14281869653 a prime number?
True
Is 1474657397 a prime number?
False
Is 1324607579 a prime number?
True
Is 52147423 composite?
True
Is 15068003323 a composite number?
False
Is 10692636938 composite?
True
Is 271249673 prime?
False
Is 13967357231 composite?
False
Is 11892024301 a composite number?
True
Is 32949001901 a composite number?
False
Is 20826485261 prime?
True
Is 16949587433 a composite number?
False
Is 1427160773 composite?
True
Is 15809982743 composite?
False
Is 8246478433 composite?
True
Is 3461063197 prime?
True
Is 92469933499 a prime number?
True
Is 16898328467 a composite number?
False
Is 1042942627 a prime number?
True
Is 54842889949 a composite number?
True
Is 1356617677 a composite number?
False
Is 1650849199 a prime number?
True
Is 380145131 a prime number?
True
Is 106864431139 a prime number?
True
Is 112951877 composite?
False
Is 11774941207 prime?
True
Is 16402717571 a composite number?
False
Is 325620551 prime?
True
Is 54291394349 composite?
False
Is 881243557 a prime number?
False
Is 1178828981 composite?
True
Is 2288129237 a prime number?
False
Is 31050655561 composite?
False
Is 58770251 a prime number?
True
Is 56342151394 a prime number?
False
Is 27687649831 composite?
False
Is 191775349 a composite number?
False
Is 2835573901 composite?
False
Is 17112685979 a prime number?
False
Is 13534655123 a prime number?
False
Is 1456799083 composite?
False
Is 35489579857 a composite number?
False
Is 1008010481 composite?
True
Is 194874734299 a prime number?
False
Is 1055646071 a composite number?
True
Is 30914958791 prime?
False
Is 69758317 a composite number?
False
Is 1722386429 prime?
False
Is 130335791 prime?
False
Is 1075368659 composite?
True
Is 66169575223 a prime number?
False
Is 121436201567 a composite number?
True
Is 39554422399 a prime number?
True
Is 10113974261 composite?
True
Is 214853509 composite?
True
Is 1298580053 a prime number?
True
Is 6823552541 a prime number?
False
Is 599959721 a composite number?
True
Is 14428568019 a prime number?
False
Is 2050581763 prime?
True
Is 1510045441 a prime number?
True
Is 142257067 composite?
True
Is 60480182807 a prime number?
False
Is 161083809151 a prime number?
False
Is 1481230319 a composite number?
False
Is 1490261737 prime?
True
Is 12621739173 a composite number?
True
Is 28251132711 a prime number?
False
Is 34726217347 a composite number?
False
Is 1266324959 prime?
False
Is 91352079113 composite?
True
Is 408424151 a composite number?
True
Is 1457237911 a prime number?
True
Is 12525220711 a composite number?
False
Is 236189627 a composite number?
True
Is 6682800511 a composite number?
False
Is 7918913239 composite?
True
Is 2301781241 prime?
True
Is 2331140501 composite?
False
Is 6911813471 a composite number?
True
Is 139488651227 composite?
False
Is 19075570051 a prime number?
False
Is 3810774073 composite?
True
Is 185079311569 a prime number?
True
Is 3278068903 prime?
False
Is 2128172399 prime?
True
Is 2104763497 a composite number?
True
Is 1357789253 a prime number?
True
Is 50922481 a prime number?
True
Is 15559751867 a composite number?
True
Is 1321841971 a prime number?
True
Is 50904757 prime?
True
Is 986888297 prime?
True
Is 26113606609 a prime number?
False
Is 1149098471 a composite number?
False
Is 3807606287 a prime number?
True
Is 48791818291 prime?
True
Is 1459137721 composite?
False
Is 39233070781 prime?
False
Is 1134111734257 composite?
False
Is 9158917241 prime?
True
Is 100261913 composite?
False
Is 45585949 a composite number?
False
Is 1120567243 a prime number?
False
Is 199415647 a prime number?
True
Is 7286448287 prime?
True
Is 4719752443 composite?
True
Is 224651891 composite?
False
Is 8444640619 composite?
True
Is 1863329495 prime?
False
Is 14753201539 prime?
False
Is 338061491 composite?
False
Is 26191397909 composite?
False
Is 3802379587 prime?
True
Is 25354620119 a prime number?
False
Is 896700157 a composite number?
True
Is 2780306957 a prime number?
True
Is 344222662559 prime?
True
Is 1257260815 a prime number?
False
Is 2809035209 prime?
False
Is 16840004537 a prime number?
True
Is 43495029659 composite?
False
Is 40404924809 composite?
True
Is 2298378683 a composite number?
False
Is 2195926769 prime?
False
Is 256095660577 composite?
False
Is 41164603 a prime number?
True
Is 993581417 a prime number?
False
Is 8256912247 a prime number?
True
Is 205745974597 a composite number?
True
Is 2274132979 a prime number?
True
Is 3342897967 prime?
True
Is 89454106459 prime?
True
Is 401758979 a composite number?
False
Is 6687167197 a composite number?
True
Is 1192958707 composite?
False
Is 5286207463 composite?
False
Is 134032183 composite?
False
Is 147171257 a composite number?
False
Is 183411703 prime?
True
Is 134566014734 prime?
False
Is 11728548343 prime?
True
Is 2313463963 a composite number?
True
Is 22359927587 a composite number?
True
Is 1613462399 prime?
False
Is 4517438399 a composite number?
True
Is 5238179 composite?
False
Is 2430133487 a composite number?
True
Is 15289347127 a composite number?
False
Is 2117721713 prime?
True
Is 923865073 composite?
False
Is 16248066971 prime?
False
Is 40603256531 composite?
True
Is 2461871557 prime?
True
Is 907887899 prime?
True
Is 113984514187 a composite number?
False
Is 2063652527 a prime number?
False
Is 3585368177 prime?
True
Is 397600993 prime?
True
Is 1341429221 prime?
False
Is 41391967 a composite number?
True
Is 71969152019 composite?
True
Is 94355733109 a prime number?
False
Is 4172361787 composite?
True
Is 176857549243 prime?
True
Is 740957531 a composite number?
False
Is 138155509797 a composite number?
True
Is 143169167 composite?
False
Is 30843797393 prime?
False
Is 107973979521 a composite number?
True
Is 133386990721 prime?
True
Is 115394564501 a prime number?
True
Is 6405347899 a prime number?
True
Is 6677689121 a prime number?
True
Is 1755169579 prime?
True
Is 908869589 a prime number?
False
Is 357153767 prime?
True
Is 83021135 prime?
False
Is 3091449785 prime?
False
Is 21208283627 a prime number?
True
Is 14598179207 composite?
False
Is 281216519 a prime number?
True
Is 182054693 a prime number?
False
Is 163193929 a composite number?
False
Is 2445576477 a composite number?
True
Is 991494727 a prime number?
False
Is 17937096101 a composite number?
False
Is 7501964597 prime?
False
Is 8974849187 composite?
True
Is 7224820501 a prime number?
False
Is 14296112197 a prime number?
True
Is 27653468621 prime?
True
Is 1705892369 composite?
False
Is 5245867787 a composite number?
False
Is 16798678343 a prime number?
False
Is 1523597057 composite?
False
Is 3591198746 composite?
True
Is 186445529885 composite?
True
Is 70514726477 a prime number?
False
Is 48662679187 prime?
False
Is 7282051681 composite?
True
Is 106425571949 a prime number?
False
Is 27245267785 a prime number?
False
Is 93348451321 a composite number?
True
Is 175959919 a composite number?
False
Is 986402273 a prime number?
True
Is 17553819059 a composite number?
True
Is 2922269491 composite?
True
Is 26237773019 a composite number?
False
Is 4491874369 composite?
False
Is 3019464829 composite?
True
Is 108748120571 prime?
True
Is 399005551 prime?
False
Is 617069401 a composite number?
True
Is 1271587423 composite?
True
Is 10577170507 a prime number?
False
Is 240670622 a composite number?
True
Is 170524220497 a prime number?
True
Is 1194899017 a composite number?
True
Is 2215459613 a prime number?
False
Is 14122707901 composite?
False
Is 35304514719 a prime number?
False
Is 265012987 a prime number?
True
Is 85882549 composite?
False
Is 1478965891 a composite number?
True
Is 12002516551 composite?
True
Is 62373224963 a composite number?
True
Is 91456297 a prime number?
False
Is 30450563749 a composite number?
False
Is 939764207 composite?
True
Is 6144994703 composite?
True
Is 457792087 a prime number?
False
Is 2272933279 a prime number?
True
Is 76797283197 prime?
False
Is 9421999393 prime?
True
Is 1814026189 prime?
True
Is 78459184247 a prime number?
True
Is 210633011 prime?
False
Is 237028905877 a composite number?
True
Is 2156396233 a prime number?
False
Is 2205815111 composite?
False
Is 99555983 a composite number?
True
Is 27467947123 prime?
Fals